43
Let h(y) = 173*y - 127. Let t(s) = 86*s - 65. Let j(g) = 6*h(g) - 11*t(g). What are the prime factors of j(13)?
3, 383
Suppose -x + 9*a + 10419 = 0, -x - a + 4175 + 6204 = 0. What are the prime factors of x?
3, 3461
Let b(p) = -58*p**3 + 35*p**2 - 3*p - 3. List the prime factors of b(-7).
3, 89
Suppose -1 = -7*a + 13. Let l(d) = -6 - 10*d - 3*d**2 + 19*d + d**2 + 6*d**a. List the prime factors of l(3).
3, 19
List the prime factors of (-918)/(-102) + (-35193)/9*-3.
2, 5, 587
Let f = -457 + 1682. Let o be 2/6 - (-100)/15. Suppose o*z + 259 = f. List the prime factors of z.
2, 3, 23
Let h(v) = -3 + 21 - 22*v - 140*v - 5*v**2 + 0*v**2. What are the prime factors of h(-31)?
5, 47
Let m be -8*(17 + -14 + (-30)/8). List the prime factors of 54/(-6) + m + 19*1.
2
Let r = 2372 - -197. What are the prime factors of r?
7, 367
Suppose -c = -3*c - 4*v - 6, 4*c - 2*v + 12 = 0. Let d be 2/c + 150/9. Suppose -q + 111 = -d. List the prime factors of q.
127
Suppose 0 = 109*o - 32*o - 149380. List the prime factors of o.
2, 5, 97
Let v = 11649 - 8953. List the prime factors of v.
2, 337
Suppose -23 - 47 = -5*u. Let l(i) = i**2 - 15*i + 24. Let z be l(u). List the prime factors of (32/(-80) + 664/z)/1.
2, 3, 11
Suppose -2*k - 22 = 4*u - 108, -2*k = -5*u + 94. Let v = u - 14. What are the prime factors of 37*-3*(v/(-3) - -1)?
3, 37
Let i be 6/(-5)*10/(-4). Suppose 5 = 3*m - 2*k - 1, -m + 2*k = 2. Suppose -i*g - 2*b = -g - 90, -m*g + 4*b + 212 = 0. List the prime factors of g.
7
Let u = 39 + -19. Let k = -35 + u. Let l(t) = -t**3 - 15*t**2 + t + 34. List the prime factors of l(k).
19
Suppose 8*v - 6*v - 8 = 0, 16 = 4*t + 4*v. Suppose t*o - 34140 = -30*o. List the prime factors of o.
2, 569
Suppose -39856 = -3*w + 4*u, -2*w + 30083 = -3*u + 3511. List the prime factors of w.
2, 5, 83
Let a be ((-174)/(-15))/((4/10)/1). Let t = 33 - a. Suppose -o = -6*o + 20, 0 = t*l - o - 208. What are the prime factors of l?
53
Suppose -w + 4769 = -5*z, 5*z + 3636 = 2*w - 1132. Let m = z + 1537. Let o = m - 406. What are the prime factors of o?
3, 59
Let k(m) = m**3 + 57*m**2 + 153*m - 55. What are the prime factors of k(-52)?
7, 787
Let y(j) = 87*j + 196. Let z be y(-36). List the prime factors of (-1)/(3 + 8812/z).
2, 367
Let w(n) = 69*n**2 + 5038*n + 114. What are the prime factors of w(-76)?
2, 5, 19, 83
Suppose 22*a = 274463 - 43155. List the prime factors of a.
2, 7, 751
Let s(i) = 2151*i**3 - 47*i**2 + 102*i - 7. List the prime factors of s(2).
3, 1913
Let s(v) = v**3 + 0*v**3 - 30 - 18*v + 4 - 19*v**2 + 1. Let p be s(20). List the prime factors of 140/p*(-30)/(-7).
2, 5
Let n be -10*1*2/(-4). Suppose -2 = -n*l - 4*p - 4, l - 3*p = 11. Suppose -l*j + 63 = -51. What are the prime factors of j?
3, 19
What are the prime factors of (-8)/(2/6 + (-211699)/634818)?
2, 3413
Suppose -211750 = -74*q - 86*q + 50*q. List the prime factors of q.
5, 7, 11
List the prime factors of -15 + 3675 + 99/(-9).
41, 89
Let t(j) be the second derivative of 5*j**3/2 + 105*j**2/2 + 7*j - 1. What are the prime factors of t(32)?
3, 5, 13
Let y = -10643 + 12587. List the prime factors of y.
2, 3
Let m = -40 + -20. Let k be m/(129/(-30) - -4). Suppose -43*f = -39*f - k. What are the prime factors of f?
2, 5
Let w be -2 + 3/2*32/12. What are the prime factors of ((-45)/80*-44)/(w/80)?
2, 3, 5, 11
Let u = 133 - 86. Let m = u - 34. Let i = m - -52. What are the prime factors of i?
5, 13
Suppose 0*o + 3*c = -4*o + 6, -2*o = 2*c - 4. Suppose o = -2*x - 2*r + 84, -5*x + 198 = r + r. Suppose -s = -135 + x. List the prime factors of s.
97
Suppose 382*m - 1097800 = 327*m. What are the prime factors of m?
2, 5, 499
Let x(k) = -3026*k + 184. List the prime factors of x(-4).
2, 3
Let s be (56/(-20))/(5/(-1550)). Suppose s = 2*x - 2*o, -3*x - 215 = 3*o - 1523. What are the prime factors of x?
3, 5, 29
Suppose 4*n = -5*b + 9*b - 2992, -3785 = -5*b - 4*n. Suppose -6*w - 5*x = -2*w - 1581, 2*w - 5*x = b. Suppose 223 + w = 18*c. List the prime factors of c.
2, 17
Let l(g) = -11*g - 30. Suppose 13 = -14*b - 71. What are the prime factors of l(b)?
2, 3
Suppose -566*b = -564*b - 10. Suppose -5*m - 1316 = -3*j, -5*j = -b*m - 2643 + 453. List the prime factors of j.
19, 23
Suppose -b + 27 = 11. Suppose 27*i = 19*i + b. Suppose -m + i*m = 75. List the prime factors of m.
3, 5
List the prime factors of -544*((-1456)/(-4))/(-13).
2, 7, 17
Suppose -3*p + 780 = 2*f, -3*f - p + 0*p = -1156. What are the prime factors of ((-278)/(-8))/(24/f)?
2, 139
Let l be (-1257)/(27/18 - 3). Let v = l + -599. What are the prime factors of v?
239
Let b be (-4 + 6 + -5)*69/(-9). Suppose -5*u = -b*u + 17280. What are the prime factors of u?
2, 3, 5
Let j(b) be the first derivative of b**4/4 - 11*b**3/3 + 4*b**2 + 8*b + 20. Let h be j(10). What are the prime factors of 134/8 - (27/h + 2)?
17
Suppose 6*o = 3*z + 7*o - 13961, -z + 4651 = 3*o. List the prime factors of z.
2, 13, 179
Let p(s) = 741*s - 4740. List the prime factors of p(42).
2, 3, 4397
Let q = -2682 - -12179. What are the prime factors of q?
9497
Let p(o) = 113*o**2 + 2*o - 3. Suppose 3*t - 8*t + 7 = 4*s, 0 = -5*s - 3*t + 12. Let u be p(s). Suppose 0*q = 5*q - u. What are the prime factors of q?
2, 3, 17
Let x = -4458 - -8474. List the prime factors of x.
2, 251
List the prime factors of (-50542)/(-8) + 7/(17 - -11).
2, 3, 13
Suppose n = -f - 197, -15*n + 13*n + 2*f - 394 = 0. List the prime factors of 2*n*4/((-16)/12).
2, 3, 197
Suppose 3*v - 3*j = -j - 212, 214 = -3*v + 4*j. Let q be 4/v*5 - (-298)/14. Suppose -2421 = -q*x + 12*x. List the prime factors of x.
269
List the prime factors of 6/33*-1 + (15598660/(-121))/(-14).
2, 1151
Let m(a) = -14525*a - 539. List the prime factors of m(-1).
2, 3, 7, 37
Let p = 84279 - 37949. What are the prime factors of p?
2, 5, 41, 113
Suppose 0 = 5*p + z - 7861, 2*p - 13*z + 9*z - 3140 = 0. Let w = p + -69. List the prime factors of w.
3, 167
Let a(d) = d**2 + 6*d - 2 + 6 + 2*d - 6*d. Suppose -f = 4*q - 0*f - 10, -11 = -q + 4*f. What are the prime factors of a(q)?
19
Let n = -1007 + 648. Let l = n - -541. List the prime factors of l.
2, 7, 13
Let y = -2966 - -9540. List the prime factors of y.
2, 19, 173
Suppose -16441 = -y + 3*p, -8*y + p + 49259 = -5*y. What are the prime factors of y?
16417
Suppose 0 = 13*c + 164 - 619. Suppose 16337 = -18*u + c*u. What are the prime factors of u?
31
Let f be 2 - (-2 + 0 + 3/3). Suppose -2*w + 1136 = q, -f*w + 1702 = -3*q + 4*q. Suppose y - 2*y - 149 = -j, 2*y = -4*j + w. List the prime factors of j.
2, 3
Suppose -80*m - 136885 + 4418640 - 169755 = 0. List the prime factors of m.
2, 5, 257
Suppose -14*h + 20*h - 1080 = 0. Let w = 219 + h. What are the prime factors of w?
3, 7, 19
Suppose -7*a - 515 = -746. List the prime factors of (-11004)/70*11/(a/(-10)).
2, 131
Let d(k) = -k**2 - 17*k + 17. Let z be d(-13). Suppose 2*y - z = -y. Let w = y - -48. List the prime factors of w.
71
Suppose 47*n = 48*n - 62. Let t = 29 + n. What are the prime factors of t?
7, 13
Suppose 254 - 74 = -4*a. Let y be (-549)/a - 1/5. Suppose 0 = -y*q + 13*q - 87. List the prime factors of q.
3, 29
Let m be 26/6 + 10/15. Suppose 15 = -m*v + 50. List the prime factors of 13*v - 0/5.
7, 13
Suppose 96*m + 144414 = 114*m. What are the prime factors of m?
71, 113
Let r be (12/10 - 2) + 96/20. Suppose -2*p - r*c - 2 = 0, 2*p - 3*c - 21 = -3*p. List the prime factors of (31*p)/((-27)/(-18)).
2, 31
Suppose 4*i - 12 = 2*i. Let o = -8 + i. What are the prime factors of (-9)/3 + (-56)/o?
5
Let l(o) = 9*o**2 + 32*o + 252. What are the prime factors of l(-10)?
2, 13
Let k(w) = 518*w - 12309. List the prime factors of k(36).
3, 2113
Let x be 1 + 44*(-2 + (-18)/(-8)). Suppose -8*h = -x*h + 2000. Suppose 2*o + 168 = 2*p, -2*o = 4*p + 152 - h. What are the prime factors of p?
2, 43
Let r = 1 - -24. Suppose -3*v + r = -8*v. Let d = 88 - v. What are the prime factors of d?
3, 31
Let u(p) = p**3 - 2*p**2 - 4*p + 3. Let i be u(4). Let g = 82 - i. Let j = g + 32. What are the prime factors of j?
5, 19
Let i be -3 + 1 - (-30 + 28). Suppose -11 = -3*y + 4, i = -2*x - 2*y + 154. List the prime factors of x.
2, 3
Suppose -3*j = 0, 0 = -3*y - j - 110 + 353. Suppose 86*b = y*b + 860. List the prime factors of b.
2, 43
Let k = -20 + -4. Let x be ((-2)/(k/(-9)))/